{"id":161,"date":"2020-02-26T09:07:17","date_gmt":"2020-02-26T09:07:17","guid":{"rendered":"https:\/\/demosites.io\/lawyers-gb\/?page_id=161"},"modified":"2025-12-09T22:14:29","modified_gmt":"2025-12-09T22:14:29","slug":"a02e5-the-law-firm","status":"publish","type":"page","link":"https:\/\/mpmabogadosyconsultores.com\/?page_id=161","title":{"rendered":"Nosotros"},"content":{"rendered":"\n<div id=\"wp-block-themeisle-blocks-advanced-columns-1d44478c\" class=\"wp-block-themeisle-blocks-advanced-columns alignfull has-1-columns has-desktop-equal-layout has-tablet-equal-layout has-mobile-equal-layout has-vertical-unset\"><div class=\"wp-block-themeisle-blocks-advanced-columns-overlay\"><\/div><div class=\"innerblocks-wrap\">\n<div id=\"wp-block-themeisle-blocks-advanced-column-24b42ae0\" class=\"wp-block-themeisle-blocks-advanced-column has-dark-bg\">\n<div class=\"wp-block-group\"><div class=\"wp-block-group__inner-container is-layout-constrained wp-block-group-is-layout-constrained\">\n<p id=\"wp-block-themeisle-blocks-advanced-heading-1aca3177\" class=\"wp-block-themeisle-blocks-advanced-heading wp-block-themeisle-blocks-advanced-heading-1aca3177\">Acerca de <\/p>\n\n\n\n<h1 class=\"wp-block-heading has-text-align-center has-nv-text-dark-bg-color has-text-color\" style=\"font-size:90px\">Nosotros<\/h1>\n<\/div><\/div>\n<\/div>\n<\/div><\/div>\n\n\n\n<div id=\"wp-block-themeisle-blocks-advanced-columns-4799159d\" class=\"wp-block-themeisle-blocks-advanced-columns alignfull has-2-columns has-desktop-equal-layout has-tablet-equal-layout has-mobile-collapsedRows-layout has-vertical-center has-light-bg\"><div class=\"wp-block-themeisle-blocks-advanced-columns-overlay\"><\/div><div class=\"innerblocks-wrap\">\n<div id=\"wp-block-themeisle-blocks-advanced-column-d281c4c3\" class=\"wp-block-themeisle-blocks-advanced-column\"><div class=\"wp-block-image\">\n<figure class=\"aligncenter size-full is-resized\"><img loading=\"lazy\" decoding=\"async\" width=\"899\" height=\"898\" src=\"https:\/\/mpmabogadosyconsultores.com\/wp-content\/uploads\/2025\/11\/Mision-2.png\" alt=\"\" class=\"wp-image-527\" style=\"width:244px;height:auto\" srcset=\"https:\/\/mpmabogadosyconsultores.com\/wp-content\/uploads\/2025\/11\/Mision-2.png 899w, https:\/\/mpmabogadosyconsultores.com\/wp-content\/uploads\/2025\/11\/Mision-2-300x300.png 300w, https:\/\/mpmabogadosyconsultores.com\/wp-content\/uploads\/2025\/11\/Mision-2-150x150.png 150w, https:\/\/mpmabogadosyconsultores.com\/wp-content\/uploads\/2025\/11\/Mision-2-768x767.png 768w\" sizes=\"auto, (max-width: 899px) 100vw, 899px\" \/><\/figure><\/div><\/div>\n\n\n\n<div id=\"wp-block-themeisle-blocks-advanced-column-bb3c1936\" class=\"wp-block-themeisle-blocks-advanced-column\">\n<h2 class=\"wp-block-heading\">Nuestra Misi\u00f3n<\/h2>\n\n\n\n<p>En&nbsp;<strong>MPM Abogados y Consultores<\/strong>, nuestra misi\u00f3n es proporcionar&nbsp;<strong>soluciones legales y estrat\u00e9gicas integrales<\/strong>, fusionando el rigor del derecho con la visi\u00f3n de la consultor\u00eda. Nos dedicamos a defender con excelencia los intereses de nuestros clientes, Ofreciendo asesor\u00eda jur\u00eddica robusta y consultor\u00eda pr\u00e1ctica que anticipe riesgos y optimice oportunidades. Actuamos guiados por la m\u00e1s estricta&nbsp;<strong>\u00e9tica, confidencialidad y compromiso<\/strong>, sirviendo como asesores de confianza para la toma de decisiones informadas y seguras.<\/p>\n<\/div>\n<\/div><\/div>\n\n\n\n<div id=\"wp-block-themeisle-blocks-advanced-columns-521cbf27\" class=\"wp-block-themeisle-blocks-advanced-columns alignfull has-2-columns has-desktop-equal-layout has-tablet-equal-layout has-mobile-collapsedRows-layout has-vertical-center has-dark-bg\"><div class=\"wp-block-themeisle-blocks-advanced-columns-overlay\"><\/div><div class=\"innerblocks-wrap\">\n<div id=\"wp-block-themeisle-blocks-advanced-column-2f0e652c\" class=\"wp-block-themeisle-blocks-advanced-column\">\n<h2 class=\"wp-block-heading\">Nuestra Visi\u00f3n<\/h2>\n\n\n\n<p>Aspiramos a ser el&nbsp;<strong>bufete de referencia en Honduras<\/strong>&nbsp;para empresas e individuos que buscan un aliado estrat\u00e9gico en su crecimiento y protecci\u00f3n patrimonial. Visualizamos a&nbsp;<strong>MPM Abogados y Consultores<\/strong>&nbsp;en la vanguardia, reconocido por su&nbsp;<strong>capacidad de innovaci\u00f3n<\/strong>, su profundo conocimiento del entorno legal y empresarial hondure\u00f1o, y por construir relaciones de largo plazo basadas en resultados tangibles. Nuestra visi\u00f3n es crecer como un estudio multidisciplinario que trascienda las fronteras, contribuyendo a un clima de inversi\u00f3n m\u00e1s seguro y din\u00e1mico en la regi\u00f3n.<\/p>\n<\/div>\n\n\n\n<div id=\"wp-block-themeisle-blocks-advanced-column-9449464c\" class=\"wp-block-themeisle-blocks-advanced-column\"><div class=\"wp-block-image\">\n<figure class=\"aligncenter size-large is-resized\"><img loading=\"lazy\" decoding=\"async\" width=\"1024\" height=\"540\" src=\"https:\/\/mpmabogadosyconsultores.com\/wp-content\/uploads\/2025\/11\/Vison-1024x540.png\" alt=\"\" class=\"wp-image-528\" style=\"width:267px;height:auto\" srcset=\"https:\/\/mpmabogadosyconsultores.com\/wp-content\/uploads\/2025\/11\/Vison-1024x540.png 1024w, https:\/\/mpmabogadosyconsultores.com\/wp-content\/uploads\/2025\/11\/Vison-300x158.png 300w, https:\/\/mpmabogadosyconsultores.com\/wp-content\/uploads\/2025\/11\/Vison-768x405.png 768w, https:\/\/mpmabogadosyconsultores.com\/wp-content\/uploads\/2025\/11\/Vison-1536x811.png 1536w, https:\/\/mpmabogadosyconsultores.com\/wp-content\/uploads\/2025\/11\/Vison.png 1565w\" sizes=\"auto, (max-width: 1024px) 100vw, 1024px\" \/><\/figure><\/div><\/div>\n<\/div><\/div>\n\n\n\n<div id=\"wp-block-themeisle-blocks-advanced-columns-784450ff\" class=\"wp-block-themeisle-blocks-advanced-columns alignfull has-1-columns has-desktop-equal-layout has-tablet-equal-layout has-mobile-collapsedRows-layout has-vertical-center ticss-c00aadba has-light-bg\"><div class=\"wp-block-themeisle-blocks-advanced-columns-overlay\"><\/div><div class=\"innerblocks-wrap\">\n<div id=\"wp-block-themeisle-blocks-advanced-column-d0fbfc0a\" class=\"wp-block-themeisle-blocks-advanced-column\">\n<div id=\"wp-block-themeisle-blocks-advanced-columns-f32a2609\" class=\"wp-block-themeisle-blocks-advanced-columns has-1-columns has-desktop-equal-layout has-tablet-equal-layout has-mobile-equal-layout has-vertical-center\"><div class=\"wp-block-themeisle-blocks-advanced-columns-overlay\"><\/div><div class=\"innerblocks-wrap\">\n<div id=\"wp-block-themeisle-blocks-advanced-column-3567d86b\" class=\"wp-block-themeisle-blocks-advanced-column\">\n<h2 id=\"wp-block-themeisle-blocks-advanced-heading-d5f71f32\" class=\"wp-block-themeisle-blocks-advanced-heading wp-block-themeisle-blocks-advanced-heading-d5f71f32\">\u00bfPor que somos diferentes?<\/h2>\n<\/div>\n<\/div><\/div>\n\n\n\n<div id=\"wp-block-themeisle-blocks-advanced-columns-8085ff1f\" class=\"wp-block-themeisle-blocks-advanced-columns has-3-columns has-desktop-equal-layout has-tablet-equal-layout has-mobile-collapsedRows-layout has-vertical-top\"><div class=\"wp-block-themeisle-blocks-advanced-columns-overlay\"><\/div><div class=\"innerblocks-wrap\">\n<div id=\"wp-block-themeisle-blocks-advanced-column-ec183c87\" class=\"wp-block-themeisle-blocks-advanced-column has-light-bg\">\n<div class=\"wp-block-themeisle-blocks-service\">\n<div id=\"wp-block-themeisle-blocks-font-awesome-icons-2059baaa\" class=\"wp-block-themeisle-blocks-font-awesome-icons\"><span class=\"wp-block-themeisle-blocks-font-awesome-icons-container\"><i class=\"fas fa-user-circle\"><\/i><\/span><\/div>\n\n\n\n<h4 id=\"wp-block-themeisle-blocks-advanced-heading-2d1e9be4\" class=\"wp-block-themeisle-blocks-advanced-heading wp-block-themeisle-blocks-advanced-heading-2d1e9be4\">U<strong>n Enfoque Estrat\u00e9gico Centrado en nuestros Clientes<\/strong><\/h4>\n\n\n\n<p id=\"wp-block-themeisle-blocks-advanced-heading-5879a278\" class=\"wp-block-themeisle-blocks-advanced-heading wp-block-themeisle-blocks-advanced-heading-5879a278\">Sus objetivos son nuestra principal gu\u00eda. No aplicamos soluciones gen\u00e9ricas; nos sumergimos en su situaci\u00f3n particular para dise\u00f1ar estrategias legales a la medida. Cada acci\u00f3n que tomamos est\u00e1 orientada a proteger sus intereses y alcanzar el mejor desenlace posible para su caso, garantizando su tranquilidad..<\/p>\n<\/div>\n<\/div>\n\n\n\n<div id=\"wp-block-themeisle-blocks-advanced-column-cc444e02\" class=\"wp-block-themeisle-blocks-advanced-column has-light-bg\">\n<div class=\"wp-block-themeisle-blocks-service\">\n<div id=\"wp-block-themeisle-blocks-font-awesome-icons-de2a9e70\" class=\"wp-block-themeisle-blocks-font-awesome-icons\"><span class=\"wp-block-themeisle-blocks-font-awesome-icons-container\"><i class=\"fas fa-users\"><\/i><\/span><\/div>\n\n\n\n<h4 id=\"wp-block-themeisle-blocks-advanced-heading-faf5fcac\" class=\"wp-block-themeisle-blocks-advanced-heading wp-block-themeisle-blocks-advanced-heading-faf5fcac\"><strong>Experiencia<\/strong>                            <strong>Especializada <\/strong><\/h4>\n\n\n\n<p id=\"wp-block-themeisle-blocks-advanced-heading-8168128c\" class=\"wp-block-themeisle-blocks-advanced-heading wp-block-themeisle-blocks-advanced-heading-8168128c\">Nuestra ventaja competitiva es la profundidad y diversidad de nuestro conocimiento. Contamos con un equipo de abogados y consultores con una s\u00f3lida trayectoria en diversas ramas del derecho. Esta experiencia colectiva nos permite ofrecer soluciones robustas, confiables y con un claro enfoque en los resultados.<\/p>\n<\/div>\n<\/div>\n\n\n\n<div id=\"wp-block-themeisle-blocks-advanced-column-d41340ae\" class=\"wp-block-themeisle-blocks-advanced-column has-light-bg\">\n<div class=\"wp-block-themeisle-blocks-service\">\n<div id=\"wp-block-themeisle-blocks-font-awesome-icons-8698a569\" class=\"wp-block-themeisle-blocks-font-awesome-icons\"><span class=\"wp-block-themeisle-blocks-font-awesome-icons-container\"><i class=\"fas fa-adjust\"><\/i><\/span><\/div>\n\n\n\n<h4 id=\"wp-block-themeisle-blocks-advanced-heading-be05119c\" class=\"wp-block-themeisle-blocks-advanced-heading wp-block-themeisle-blocks-advanced-heading-be05119c\"><strong>Transparencia y la Comunicaci\u00f3n<\/strong><\/h4>\n\n\n\n<p id=\"wp-block-themeisle-blocks-advanced-heading-dcb9e911\" class=\"wp-block-themeisle-blocks-advanced-heading wp-block-themeisle-blocks-advanced-heading-dcb9e911\">Creemos que una relaci\u00f3n abogado-cliente s\u00f3lida se construye sobre la honestidad y la claridad. En MPM, usted nunca se sentir\u00e1 desinformado. Mantenemos una comunicaci\u00f3n clara, directa y constante, asegur\u00e1ndonos de que est\u00e9 plenamente informado y empoderado para tomar decisiones en cada etapa del proceso.<\/p>\n<\/div>\n<\/div>\n<\/div><\/div>\n<\/div>\n<\/div><\/div>\n\n\n\n<div id=\"wp-block-themeisle-blocks-advanced-columns-17e24102\" class=\"wp-block-themeisle-blocks-advanced-columns alignfull has-2-columns has-desktop-equal-layout has-tablet-equal-layout has-mobile-collapsedRows-layout has-vertical-unset has-light-bg\"><div class=\"wp-block-themeisle-blocks-advanced-columns-overlay\"><\/div><div class=\"innerblocks-wrap\">\n<div id=\"wp-block-themeisle-blocks-advanced-column-1b172aef\" class=\"wp-block-themeisle-blocks-advanced-column\">\n<h2 class=\"wp-block-heading\">Nuestra experiencia<\/h2>\n\n\n\n<p>En <strong>MPM Abogados y Constructores<\/strong>, combinamos conocimiento jur\u00eddico especializado con una visi\u00f3n pr\u00e1ctica del sector de la construcci\u00f3n para ofrecer soluciones completas, eficientes y adaptadas a las necesidades de cada cliente.<\/p>\n\n\n\n<p>Nuestro equipo cuenta con una amplia trayectoria en la gesti\u00f3n de casos complejos, tanto en el \u00e1mbito empresarial como en asuntos civiles y contractuales. Representamos a particulares, compa\u00f1\u00edas y proyectos de construcci\u00f3n con estrategias personalizadas que garantizan resultados s\u00f3lidos y confiables.<\/p>\n<\/div>\n\n\n\n<div id=\"wp-block-themeisle-blocks-advanced-column-f224ba08\" class=\"wp-block-themeisle-blocks-advanced-column\">\n<figure class=\"wp-block-image size-large\"><img decoding=\"async\" src=\"https:\/\/mpmabogadosyconsultores.com\/wp-content\/uploads\/2019\/08\/neve-lawyers-demo-17.jpg\" alt=\"\" class=\"wp-image-117\"\/><\/figure>\n<\/div>\n<\/div><\/div>\n\n\n\n<div id=\"wp-block-themeisle-blocks-advanced-columns-603878b8\" class=\"wp-block-themeisle-blocks-advanced-columns alignfull has-1-columns has-desktop-equal-layout has-tablet-equal-layout has-mobile-equal-layout has-vertical-unset\"><div class=\"wp-block-themeisle-blocks-advanced-columns-overlay\"><\/div><div class=\"innerblocks-wrap\">\n<div id=\"wp-block-themeisle-blocks-advanced-column-ee744101\" class=\"wp-block-themeisle-blocks-advanced-column has-light-bg\">\n<h2 class=\"wp-block-heading has-text-align-center\">\u00bfTienes un caso dif\u00edcil? Cont\u00e1ctanos y ponte en manos de nuestros expertos.<\/h2>\n\n\n\n<div style=\"height:20px\" aria-hidden=\"true\" class=\"wp-block-spacer\"><\/div>\n\n\n\n<div id=\"wp-block-themeisle-blocks-button-group-21c32419\" class=\"wp-block-themeisle-blocks-button-group wp-block-buttons align-center\">\n<div id=\"wp-block-themeisle-blocks-button-a3a6430a\" class=\"wp-block-themeisle-blocks-button wp-block-button\"><a href=\"https:\/\/mpmabogadosyconsultores.com\/?page_id=174\/#Contactenos2\" target=\"_self\" rel=\"noopener noreferrer\" class=\"wp-block-button__link\"><span>CONTACTENOS<\/span><\/a><\/div>\n<\/div>\n<\/div>\n<\/div><\/div>\n","protected":false},"excerpt":{"rendered":"","protected":false},"author":1,"featured_media":0,"parent":0,"menu_order":0,"comment_status":"closed","ping_status":"closed","template":"page-templates\/template-pagebuilder-full-width.php","meta":{"neve_meta_sidebar":"full-width","neve_meta_container":"","neve_meta_enable_content_width":"on","neve_meta_content_width":100,"neve_meta_title_alignment":"","neve_meta_author_avatar":"","neve_post_elements_order":"","neve_meta_disable_header":"","neve_meta_disable_footer":"","neve_meta_disable_title":"","_themeisle_gutenberg_block_has_review":false,"footnotes":""},"class_list":["post-161","page","type-page","status-publish","hentry"],"_links":{"self":[{"href":"https:\/\/mpmabogadosyconsultores.com\/index.php?rest_route=\/wp\/v2\/pages\/161","targetHints":{"allow":["GET"]}}],"collection":[{"href":"https:\/\/mpmabogadosyconsultores.com\/index.php?rest_route=\/wp\/v2\/pages"}],"about":[{"href":"https:\/\/mpmabogadosyconsultores.com\/index.php?rest_route=\/wp\/v2\/types\/page"}],"author":[{"embeddable":true,"href":"https:\/\/mpmabogadosyconsultores.com\/index.php?rest_route=\/wp\/v2\/users\/1"}],"replies":[{"embeddable":true,"href":"https:\/\/mpmabogadosyconsultores.com\/index.php?rest_route=%2Fwp%2Fv2%2Fcomments&post=161"}],"version-history":[{"count":15,"href":"https:\/\/mpmabogadosyconsultores.com\/index.php?rest_route=\/wp\/v2\/pages\/161\/revisions"}],"predecessor-version":[{"id":693,"href":"https:\/\/mpmabogadosyconsultores.com\/index.php?rest_route=\/wp\/v2\/pages\/161\/revisions\/693"}],"wp:attachment":[{"href":"https:\/\/mpmabogadosyconsultores.com\/index.php?rest_route=%2Fwp%2Fv2%2Fmedia&parent=161"}],"curies":[{"name":"wp","href":"https:\/\/api.w.org\/{rel}","templated":true}]}}